s of a(l)?
7
Let k(j) = -j - 8. Let o = -19 - -6. Let r be k(o). Suppose r*l = x + x + 127, -2*l - 3*x = -66. List the prime factors of l.
3
Let c(i) = 13*i**2 - 6*i + 6. Let m(r) = r**2 + 8*r - 18. Let p be m(-10). List the prime factors of c(p).
2, 23
Let t be ((-48)/(-80))/((-1)/(-5)). Suppose -3*u + 266 = -5*r, t = -r - 1. What are the prime factors of u?
2, 41
Suppose 89*c + 416 = 93*c. List the prime factors of c.
2, 13
Let c(h) = h**3 + 11*h**2 + 6*h - 7. Let f be c(-7). Suppose 30 = 3*r - f. List the prime factors of r.
59
Suppose -o = 5*m - 13, 0 = -5*m + 8 - 3. What are the prime factors of 31408/182 - o/14?
2, 43
Let m be 2/4*(350 - -8). Suppose 5*s + 4*k = 128 + m, 59 = s + 2*k. What are the prime factors of s?
3, 7
Let k be (-3)/5 - 234/(-15). Let c(g) = 26*g - k*g - 17*g. What are the prime factors of c(-5)?
2, 3, 5
Suppose -30 - 30 = -5*c. What are the prime factors of -3 - 2*-1*186/c?
2, 7
Suppose -2*n - 9 = -25. Let i be 10/(-15) + n/3. Suppose i*y + 92 = 4*y. What are the prime factors of y?
2, 23
What are the prime factors of -92*(3/8 + 245/(-40))?
23
Suppose -3*r + 5*r = 20. Suppose 5*i - r = 0, -6*u - i + 42 = -u. List the prime factors of u.
2
Let y = -61 - -355. List the prime factors of y.
2, 3, 7
What are the prime factors of 88/5*(545/10 - -8)?
2, 5, 11
Let i be -6*(-1)/((-3)/120). Let w = i + 74. List the prime factors of w/(-8) + 12/(-16).
2, 5
Let a(v) = -968*v - 153. What are the prime factors of a(-5)?
43, 109
Suppose 13*o = -28 + 93. Suppose -o*p + y + 49 = 0, p - 6*p - 3*y = -33. List the prime factors of p.
3
List the prime factors of (-43)/86*(-684)/(0 + 2).
3, 19
Suppose 6*u - u - 10 = 0. Suppose -197 = -3*w - 2*x + 38, u*x = 2*w - 170. What are the prime factors of w?
3
Let a(m) = -m**3 + 41*m**2 - 168*m - 45. List the prime factors of a(36).
3, 43
List the prime factors of 696 - (-6 + 7)/(1/(-2)).
2, 349
Suppose -w + 2*i - 161 = i, -5*i - 599 = 4*w. Let v = w - -93. What are the prime factors of 40/12*v/(-6)?
5, 7
List the prime factors of (917/(-4*(-2)/(-16)))/(-2).
7, 131
What are the prime factors of (2 - 8) + (6 + -3)*1229?
3, 409
Let q(r) = r**2 - 4*r - 3. Let g be q(-4). Let f = g - 21. List the prime factors of (f/(-12))/((-4)/42).
7
Let a(l) = -3*l + 40. Let p be a(10). List the prime factors of 2 - -194 - 30/p.
193
Let z = -1931 + 1223. List the prime factors of 12/(-18) + z/(-9).
2, 3, 13
Suppose -c = 2*p + 5, -3 - 25 = -4*c + 4*p. Suppose c*m - 3*h = 4*m - 12, 5*m - 99 = -2*h. Let t = m - 14. List the prime factors of t.
7
Let f be -10 - (-3 + 2 + 0). What are the prime factors of 73 + f/((-36)/8)?
3, 5
Suppose 4*g + 2*b = 198, 4*g - b = b + 218. Suppose -2*v + 5*h = -g - 372, 0 = 2*v + h - 448. Suppose 2*m = 8*m - v. List the prime factors of m.
37
Let p = 3621 - 2240. List the prime factors of p.
1381
Suppose -5*b = 5*j - 365, 5*b + 22 = 5*j - 353. What are the prime factors of j?
2, 37
Let o = -431 + 591. List the prime factors of o.
2, 5
Let g(d) = -d**3 + 20*d**2 + 4*d + 52. What are the prime factors of g(17)?
3, 7, 47
Suppose 0 = -2*x + 2*g + 8 - 26, 5*x + g + 21 = 0. What are the prime factors of 5/x*(0 - -2) - -276?
2, 137
Let x(f) be the second derivative of -f**5/20 - 11*f**4/6 + 3*f**3 + 9*f**2 - 4*f. List the prime factors of x(-23).
7, 19
Suppose 4*d - 722 = 334. Suppose 4*q - 5*v = 763 + 248, q + v = d. What are the prime factors of q?
7, 37
Let q(j) = -5*j**3 - 7*j**2 + 18*j + 119. List the prime factors of q(-6).
839
Suppose -2*r - 3 + 13 = d, 0 = -2*r - 5*d + 2. Let t(w) = 9*w + r + 8 - 10. List the prime factors of t(2).
2, 11
Suppose v = 5*z - 1620, -4*z - 6*v + 8*v = -1296. What are the prime factors of z?
2, 3
Suppose 4*x - 2*z - 32 = 6, 0 = 5*z + 15. Suppose -2*d + 16 = 2*r, 4*r - x = 3*r - 3*d. Suppose 3*t = -r + 41. List the prime factors of t.
11
Let t be (-20)/(-70) - 341/(-7). Suppose -4*z + 5*z = t. Suppose 3*h - 59 = -l, -z = -2*l - 4*h + 65. What are the prime factors of l?
53
Suppose 3*h + 2*d - 1330 = -0*d, 1775 = 4*h + 3*d. Suppose 0 = -20*b + 16*b + h. List the prime factors of b.
2, 5, 11
Suppose 0 = -3*k + 5*j + 93, -j + 17 = 2*k - 32. Suppose k*q - 15 = 31*q. What are the prime factors of 16/(-1 + q) + 53?
7
What are the prime factors of (-2)/(-10) - 723456/(-320)?
7, 17, 19
Let q = -24 + 44. Suppose -20 = 5*s - 7*m + 4*m, -5*s - q = 2*m. What are the prime factors of 12/((-76)/(-16) + s)?
2
Let t be 2/(2 + (-93)/47). Suppose -k = -2*b + 97, -2*k = 2*b - 4*k - t. Let n = b + -35. List the prime factors of n.
3, 5
Let i = -4 - -4. Let q = -47 - -48. Suppose i = t - 13 + q. List the prime factors of t.
2, 3
Suppose -3*l = 3 - 21. Let s(c) = -3*c**2 - c - 8. Let f(i) = 4*i**2 + i + 9. Let h(d) = l*f(d) + 7*s(d). List the prime factors of h(-2).
2, 3
Suppose 7*j + 5 = 6*j, -3*f = -5*j - 2749. What are the prime factors of f?
2, 227
Let f = -3 + 6. Let p(a) = 2*a - 1 - 2*a - a**2 + a**3 - 3*a. What are the prime factors of p(f)?
2
Let c be (-379)/(-4) - 1/(-4). Suppose -c = -g - d, 3*g + 126 = 3*d + 381. Suppose -4*o + g = -2. What are the prime factors of o?
23
Let h be (-4 + 3)*(-21)/3. Let w(s) = 2*s**3 - 7*s**2 - 7*s - 7. List the prime factors of w(h).
7, 41
Suppose 1 = -2*o + 3*o. Let b = o - 2. List the prime factors of b/((-1)/24 + 0).
2, 3
Let v = -52 + 53. What are the prime factors of 36/15*5*v?
2, 3
Let r = 25 + -20. Suppose 2*a = -n + 10, -r*a + 16 = n - 6. Suppose 0*h - 5*h + n*d + 173 = 0, -2*h + 2*d = -68. What are the prime factors of h?
5, 7
Suppose 185*y = 182*y + 2*g + 8271, -3 = g. List the prime factors of y.
5, 19, 29
Let k(s) = s**3 - 6*s**2 + 33*s + 16. What are the prime factors of k(10)?
2, 373
Let x(l) = 60*l**3 + l**2 + 4*l - 3. What are the prime factors of x(2)?
3, 163
Suppose 4*z + 23 + 1 = 2*t, -5*t + 60 = 2*z. Suppose v - 2*w - 10 = t, 2*w = -6. Let h(i) = -i**2 + 19*i - 24. What are the prime factors of h(v)?
2, 3
Let w = 9 + -7. Suppose w*f = 23 + 15. Suppose -j = z - 16, -2*z + 53 - f = j. What are the prime factors of z?
2, 3
Let v(u) = u**3 - 9*u**2 + 7*u. Let q(w) = w**3 - 15*w**2 + 13*w + 24. Let j be q(14). What are the prime factors of v(j)?
2, 5, 17
Let z = -6 - -11. Suppose 23 - 81 = -2*v + 5*a, 4*a = -v + 42. Suppose -z*u + 96 = -v. List the prime factors of u.
2, 13
Suppose 4*w + 3*n - 5*n = 0, 0 = -3*w + n. Let m(a) = 3*a. Let f be m(w). Suppose f = -5*j - 4*c + 138 - 13, 3*j - 92 = c. List the prime factors of j.
29
Suppose -5*c - 5 = -15. Suppose -4*j + 47 - 19 = 2*t, -j = c. List the prime factors of t.
2, 3
Let p(h) = 45*h. Let n be p(-1). Let b = -40 - n. What are the prime factors of b?
5
Let u(o) be the second derivative of 5*o**3/3 - 2*o**2 - 8*o. Let v be u(7). Let b = v - 23. What are the prime factors of b?
43
Let v be 1*-2*24/(-16). Suppose -v*h = z - 40, 3*z - 3*h - 105 = -7*h. List the prime factors of z.
31
Suppose 0 = 2*y, y + 350 = 5*z - 790. Let x = z + -40. Suppose -4*c = -0*c - x. What are the prime factors of c?
47
Suppose 2*i + 3*o = 1497, 4*i - 16*o = -11*o + 3049. What are the prime factors of i?
2, 3, 7
Let r = -21 - -772. List the prime factors of r.
751
Suppose 7*p - 16218 = 25271. List the prime factors of p.
5927
Let k = -25 - -27. Suppose 2*b + a = 9, -5*b - k*a + 11 = -10. What are the prime factors of b?
3
Let a = 11 - 1. Let l = a + -4. What are the prime factors of (-213)/(-9) + 2/l?
2, 3
Let w be (-24 + (0 - -4))/(-2). List the prime factors of w*((-276)/(-20) - -5).
2, 47
Let v(a) = a**2 - 10*a - 8. Let p be v(11). Suppose -p*n + 5*h = -185, -4*n + 241 = -0*n - h. What are the prime factors of n?
2, 3, 5
Let y be 4/1 - (-1 - -5). Suppose y = -3*w + 2*w + 64. What are the prime factors of w?
2
Let a(o) = -206*o**3 - 2*o**2 - o. Let y be a(-1). Suppose -5*f + 9 = -3*i, 5*f + i + 7 = 8*f. Suppose -y = f*s - 8*s. What are the prime factors of s?
41
Suppose q = -4*z - 2*q + 1660, 0 = 4*z - 5*q - 1628. What are the prime factors of z?
2, 103
Suppose -23 + 20 = 3*p. Let v(s) = -119*s + 3. List the prime factors of v(p).
2, 61
What are the prime factors of 11 + (-2)/((-18)/18981)?
2, 5, 53
Let u be 59/3 - (-4)/12. Let j be u/(-60) - 682/6. What are the prime factors of ((-2)/3)/(4/j)?
19
Suppose -5*z - 5 + 30 = 0. Suppose -13*g - 1075 = -18*g + 5*l, -215 = -g - z*l. List the prime fa